{"id":82,"date":"2023-10-21T12:56:57","date_gmt":"2023-10-21T10:56:57","guid":{"rendered":"https:\/\/legaminfor.be\/?page_id=82"},"modified":"2024-01-06T17:13:46","modified_gmt":"2024-01-06T16:13:46","slug":"conseil","status":"publish","type":"page","link":"https:\/\/legaminfor.be\/index.php\/conseil\/","title":{"rendered":"CONSEIL"},"content":{"rendered":"\n<p class=\"wp-block-paragraph\">Legaminfor d\u00e9livre le conseil adapt\u00e9 pour vous aider \u00e0 \u00e9laborer votre plan d\u2019action personnel prenant en compte vos besoins et vos moyens. \u00a0<\/p>\n\n\n\n<p class=\"wp-block-paragraph\">Le bon conseil ne se limite pas \u00e0 dire ce qu\u2019il convient de faire mais \u00e9galement pourquoi et comment.<\/p>\n\n\n\n<p class=\"wp-block-paragraph\">Et pour d\u00e9mentir l\u2019adage \u00ables conseilleurs ne sont pas les payeurs&nbsp;\u00bb, Legaminfor s\u2019engage \u00e0 ne facturer ses conseils qui si les conseils sont suivis et que la mise en \u0153uvre de la solution propos\u00e9e produit un r\u00e9sultat positif tangible. <\/p>\n\n\n\n<p class=\"wp-block-paragraph\">Demandez votre conseil qui ne co\u00fbte rien et peut vous rapporter beaucoup.<\/p>\n","protected":false},"excerpt":{"rendered":"<p>Legaminfor d\u00e9livre le conseil adapt\u00e9 pour vous aider \u00e0 \u00e9laborer votre plan d\u2019action personnel prenant en compte vos besoins et vos moyens. \u00a0 Le bon conseil ne se limite pas \u00e0 dire ce qu\u2019il convient de faire mais \u00e9galement pourquoi et comment. Et pour d\u00e9mentir l\u2019adage \u00ables conseilleurs ne sont pas les payeurs&nbsp;\u00bb, Legaminfor s\u2019engage [&hellip;]<\/p>\n","protected":false},"author":1,"featured_media":0,"parent":0,"menu_order":0,"comment_status":"closed","ping_status":"closed","template":"","meta":{"_crdt_document":"","footnotes":""},"class_list":["post-82","page","type-page","status-publish","hentry"],"_links":{"self":[{"href":"https:\/\/legaminfor.be\/index.php\/wp-json\/wp\/v2\/pages\/82","targetHints":{"allow":["GET"]}}],"collection":[{"href":"https:\/\/legaminfor.be\/index.php\/wp-json\/wp\/v2\/pages"}],"about":[{"href":"https:\/\/legaminfor.be\/index.php\/wp-json\/wp\/v2\/types\/page"}],"author":[{"embeddable":true,"href":"https:\/\/legaminfor.be\/index.php\/wp-json\/wp\/v2\/users\/1"}],"replies":[{"embeddable":true,"href":"https:\/\/legaminfor.be\/index.php\/wp-json\/wp\/v2\/comments?post=82"}],"version-history":[{"count":4,"href":"https:\/\/legaminfor.be\/index.php\/wp-json\/wp\/v2\/pages\/82\/revisions"}],"predecessor-version":[{"id":354,"href":"https:\/\/legaminfor.be\/index.php\/wp-json\/wp\/v2\/pages\/82\/revisions\/354"}],"wp:attachment":[{"href":"https:\/\/legaminfor.be\/index.php\/wp-json\/wp\/v2\/media?parent=82"}],"curies":[{"name":"wp","href":"https:\/\/api.w.org\/{rel}","templated":true}]}}