{"id":88,"date":"2023-10-21T13:02:31","date_gmt":"2023-10-21T11:02:31","guid":{"rendered":"https:\/\/legaminfor.be\/?page_id=88"},"modified":"2024-02-03T12:46:42","modified_gmt":"2024-02-03T11:46:42","slug":"developpement","status":"publish","type":"page","link":"https:\/\/legaminfor.be\/index.php\/developpement\/","title":{"rendered":"DEVELOPPEMENT"},"content":{"rendered":"\n<p class=\"wp-block-paragraph\">Legaminfor d\u00e9veloppe vos logiciels de gestion et autres outils de travail. Que ce soit d\u2019une situation existante \u00e0 am\u00e9liorer ou d\u2019une page blanche, Legaminfor peut vous accompagner en r\u00e9alisant les&nbsp; d\u00e9veloppements utiles \u00e0 l\u2019\u00e9panouissement de vos activit\u00e9s. Site internet, base de donn\u00e9es, mise en r\u00e9seau, migration, digitalisation, organisation, planification etc, <\/p>\n\n\n\n<p class=\"wp-block-paragraph\">Legaminfor  pourra certainement vous aider avec une solution originale sur mesure. <\/p>\n\n\n\n<p class=\"wp-block-paragraph\">Expliquez vos besoins pour recevoir une proposition de solution <\/p>\n","protected":false},"excerpt":{"rendered":"<p>Legaminfor d\u00e9veloppe vos logiciels de gestion et autres outils de travail. Que ce soit d\u2019une situation existante \u00e0 am\u00e9liorer ou d\u2019une page blanche, Legaminfor peut vous accompagner en r\u00e9alisant les&nbsp; d\u00e9veloppements utiles \u00e0 l\u2019\u00e9panouissement de vos activit\u00e9s. Site internet, base de donn\u00e9es, mise en r\u00e9seau, migration, digitalisation, organisation, planification etc, Legaminfor pourra certainement vous aider [&hellip;]<\/p>\n","protected":false},"author":1,"featured_media":0,"parent":0,"menu_order":0,"comment_status":"closed","ping_status":"closed","template":"","meta":{"_crdt_document":"","footnotes":""},"class_list":["post-88","page","type-page","status-publish","hentry"],"_links":{"self":[{"href":"https:\/\/legaminfor.be\/index.php\/wp-json\/wp\/v2\/pages\/88","targetHints":{"allow":["GET"]}}],"collection":[{"href":"https:\/\/legaminfor.be\/index.php\/wp-json\/wp\/v2\/pages"}],"about":[{"href":"https:\/\/legaminfor.be\/index.php\/wp-json\/wp\/v2\/types\/page"}],"author":[{"embeddable":true,"href":"https:\/\/legaminfor.be\/index.php\/wp-json\/wp\/v2\/users\/1"}],"replies":[{"embeddable":true,"href":"https:\/\/legaminfor.be\/index.php\/wp-json\/wp\/v2\/comments?post=88"}],"version-history":[{"count":5,"href":"https:\/\/legaminfor.be\/index.php\/wp-json\/wp\/v2\/pages\/88\/revisions"}],"predecessor-version":[{"id":378,"href":"https:\/\/legaminfor.be\/index.php\/wp-json\/wp\/v2\/pages\/88\/revisions\/378"}],"wp:attachment":[{"href":"https:\/\/legaminfor.be\/index.php\/wp-json\/wp\/v2\/media?parent=88"}],"curies":[{"name":"wp","href":"https:\/\/api.w.org\/{rel}","templated":true}]}}